9*w + 61. Calculate k(-16).
13
Let s(c) = 20*c - 1059. Calculate s(54).
21
Let m(y) = -280*y - 12305. What is m(-44)?
15
Let x(v) = 2*v**2 - 38*v + 139. Determine x(6).
-17
Let p(w) = 5*w**2 - 39*w + 65. Calculate p(5).
-5
Let y(g) = -109*g - 842. What is y(-8)?
30
Let w(i) = 4*i**2 + 41*i + 38. What is w(-11)?
71
Let o(d) = -29*d**3 + 5*d**2 + 9*d + 5. Calculate o(-1).
30
Let w(n) = n + 91. Calculate w(-56).
35
Let c(l) = 336*l - 947. What is c(3)?
61
Let u(k) = 66*k**2 - 1847*k - 13. Calculate u(28).
15
Let p(o) = -o**3 - 4*o**2 + 90*o - 93. Give p(7).
-2
Let t(r) = r**3 - 6*r**2 - 239*r - 635. What is t(-3)?
1
Let h(z) = -28*z + 1579. Determine h(54).
67
Let u(v) = v**3 - 28*v**2 - 15*v - 371. Give u(29).
35
Let d(g) = -22*g + 167. What is d(4)?
79
Let l(p) = -p**3 - 59*p**2 + 457*p - 244. Determine l(-66).
86
Let m(q) = -11*q - 117. What is m(-13)?
26
Let x(q) = 1876*q + 1849. Calculate x(-1).
-27
Let q(k) = -2413*k - 55490. Calculate q(-23).
9
Let j(l) = -3*l**2 - 36*l - 120. Determine j(-11).
-87
Let f(h) = 9*h**3 - 4*h + 2. Determine f(1).
7
Let h(x) = -x**3 - 13*x**2 - 121*x - 1294. Give h(-12).
14
Let c(t) = 2*t**3 + 26*t**2 + 72*t + 366. Give c(-11).
58
Let k(x) = -19*x + 1044. Give k(55).
-1
Let p(y) = -6*y**3 - 2*y + 22. What is p(0)?
22
Let h(g) = 59*g**3 + 6*g**2 - g + 3. Determine h(2).
497
Let t(l) = 3075*l + 9245. What is t(-3)?
20
Let l(g) = 123*g**2 + 1348*g - 53. Determine l(-11).
2
Let x(w) = 104*w - 319. What is x(3)?
-7
Let h(r) = -227*r + 18621. Give h(82).
7
Let p(v) = v**3 - 27*v**2 + 49*v + 9. What is p(25)?
-16
Let q(a) = a**2 - 457*a + 10375. What is q(24)?
-17
Let o(x) = -981*x + 10794. Give o(11).
3
Let m(i) = 6*i**2 + 4411*i - 4412. What is m(1)?
5
Let s(b) = -b**3 - 15*b**2 - 13*b - 43. Determine s(-14).
-57
Let n(s) = 2*s**2 + 41*s + 240. Determine n(-28).
660
Let l(q) = 54*q + 2239. Give l(-43).
-83
Let r(y) = -2*y**2 - 69*y - 206. Determine r(-31).
11
Let d(n) = -2*n**2 + 184*n - 3898. Determine d(33).
-4
Let j(y) = 10*y - 104. Give j(15).
46
Let w(i) = 1311*i + 13111. What is w(-10)?
1
Let b(v) = -v**3 + 9*v**2 + 29*v + 127. Give b(12).
43
Let y(z) = -z**3 - 138*z**2 - 653*z + 1601. What is y(-133)?
5
Let a(b) = 2*b**2 - 57*b + 319. Determine a(7).
18
Let k(i) = i**2 + 532*i - 1573. What is k(3)?
32
Let c(s) = s**3 - 44*s**2 - 88*s - 161. Determine c(46).
23
Let b(y) = -y**3 + 2*y**2 + 12*y - 5. What is b(-4)?
43
Let f(q) = 4*q**2 - 4*q - 35. Calculate f(-5).
85
Let j(p) = 39*p + 20. Determine j(-3).
-97
Let n(k) = -k**3 + 27*k**2 + 198*k. Determine n(33).
0
Let b(n) = 2*n**2 - 30*n + 37. What is b(17)?
105
Let o(y) = 169*y - 6933. What is o(41)?
-4
Let x(f) = 5*f**3 - 40*f**2 - 52*f + 413. Give x(8).
-3
Let s(n) = n**2 + 88*n - 1640. Calculate s(-104).
24
Let l(r) = 4*r**3 + 5*r**2 - 13*r + 21. Determine l(-4).
-103
Let w(n) = n**2 - 103*n + 2382. Determine w(35).
2
Let y(j) = -j**3 + 11*j**2 - 6*j - 99. Calculate y(6).
45
Let g(k) = -241*k - 10838. Calculate g(-45).
7
Let o(a) = 1063*a - 4186. Calculate o(4).
66
Let x(f) = -4*f**2 - 196*f - 189. Determine x(-48).
3
Let j(a) = 1411*a + 26805. What is j(-19)?
-4
Let j(k) = -k**3 - 12*k**2 - 20*k - 133. Determine j(-10).
-133
Let c(a) = -11*a**2 - 2114*a - 385. Determine c(-192).
-1
Let i(k) = -128*k + 5882. Calculate i(46).
-6
Let k(l) = -l**3 + 12*l**2 - 34*l + 11. Give k(9).
-52
Let s(h) = -h**3 + 34*h**2 + 8*h - 386. Give s(34).
-114
Let p(t) = -4*t**2 - 20*t + 969. Calculate p(13).
33
Let c(d) = -7*d**2 - 442*d - 3487. Determine c(-54).
-31
Let l(k) = 449*k + 892. What is l(-2)?
-6
Let i(t) = t**3 + 71*t**2 + 66*t - 304. Give i(-70).
-24
Let c(u) = -u**3 - 41*u**2 - 116*u. Calculate c(-38).
76
Let q(s) = 2*s**2 - 8*s - 165. Give q(-13).
277
Let h(r) = r**3 + 6*r**2 - 7*r. What is h(-4)?
60
Let v(r) = -5*r**2 + 25*r + 65. Calculate v(-3).
-55
Let k(a) = -137*a - 229. Calculate k(-2).
45
Let k(m) = 15*m - 1100. Determine k(69).
-65
Let y(d) = -d**2 + 30*d + 30. Calculate y(29).
59
Let x(k) = -3*k**3 - 18*k**2 + 156*k + 13. Give x(5).
-32
Let m(u) = -782*u - 8612. Calculate m(-11).
-10
Let t(o) = 46*o + 171. What is t(-3)?
33
Let w(p) = p**2 - 76*p + 1305. Calculate w(47).
-58
Let n(t) = t**3 + 26*t**2 + 47*t - 17. Determine n(-24).
7
Let a(f) = 298*f + 8947. Determine a(-30).
7
Let n(s) = -s**3 + 9*s**2 + 44*s - 393. Give n(8).
23
Let t(v) = -v**2 + 18*v + 275. Determine t(-10).
-5
Let c(n) = -159*n - 22271. Determine c(-140).
-11
Let v(o) = 109*o - 3133. Determine v(27).
-190
Let p(b) = b**3 - 16*b**2 - 10*b + 15. Calculate p(4).
-217
Let a(o) = -154*o**2 - 14*o. Determine a(-1).
-140
Let n(i) = 4*i**3 + 10*i**2 + i + 3. Give n(-5).
-252
Let w(o) = 25*o**2 + 633*o - 459. Determine w(-26).
-17
Let r(h) = -3*h**2 - 29*h - 45. Determine r(-4).
23
Let p(x) = 14*x**2 - 2117*x + 443. What is p(151)?
-10
Let l(d) = 2413*d + 2420. Calculate l(-1).
7
Let x(t) = 7*t - 468. Give x(66).
-6
Let n(i) = 278*i + 3282. Determine n(-12).
-54
Let j(g) = 264*g - 9558. Give j(36).
-54
Let s(a) = a**2 - 70*a - 4242. Determine s(-39).
9
Let z(y) = 300*y + 61807. Calculate z(-206).
7
Let o(q) = 7*q**2 - 12. Calculate o(6).
240
Let v(u) = -u**3 + 8*u**2 + 22*u + 115. Give v(11).
-6
Let a(k) = -k**3 - 7*k**2 - 5*k + 26. What is a(-5)?
1
Let x(k) = -k**2 - 3*k + 297. Determine x(17).
-43
Let w(v) = 27*v**2 - 83*v. Give w(3).
-6
Let i(b) = -2*b**2 - 172*b + 7211. What is i(31)?
-43
Let o(c) = c**3 + 12*c**2 + 8*c + 55. Calculate o(-12).
-41
Let t(n) = -n**3 + 2*n**2 + 71*n - 10. Give t(8).
174
Let f(x) = 580*x**3 + 2*x**2 + 9*x + 8. What is f(-1)?
-579
Let y(j) = j**3 - 5*j**2 + 300*j - 1839. What is y(6)?
-3
Let h(f) = 286*f - 865. Give h(3).
-7
Let f(t) = 2*t**3 + 88*t**2 + 4*t + 160. Calculate f(-44).
-16
Let g(w) = -440*w - 19800. Calculate g(-45).
0
Let j(c) = 2*c**2 + 871*c - 38040. Calculate j(40).
0
Let s(g) = -41*g + 17. What is s(2)?
-65
Let u(l) = 4*l**2 + 254*l - 673. Determine u(-66).
-13
Let m(l) = 21*l + 296. What is m(-8)?
128
Let c(h) = 79*h - 3663. What is c(48)?
129
Let v(d) = -d**2 - 45*d - 126. Calculate v(-48).
-270
Let p(v) = 6*v**3 + 28*v**2 - 35*v + 60. Calculate p(-6).
-18
Let b(w) = 3*w + 35. Give b(-16).
-13
Let d(l) = -l**2 - 16*l + 68. What is d(-26)?
-192
Let l(n) = -162*n + 2736. Give l(17).
-18
Let g(o) = 6*o**2 + 7*o - 25. Give g(0).
-25
Let s(v) = -v**2 + 20*v - 107. Calculate s(9).
-8
Let j(v) = 58*v + 6263. Give j(-108).
-1
Let t(c) = 2016*c - 20173. Calculate t(10).
-13
Let t(a) = 308*a + 2712. Determine t(-9).
-60
Let a(l) = l**3 + 40*l**2 - 426*l - 4563. Calculate a(-47).
-4
Let b(q) = -2*q**2 - 18*q + 116. Calculate b(5).
-24
Let d(t) = -41*t + 185. Calculate d(5).
-20
Let p(y) = 117*y + 1049. What is p(-9)?
-4
Let f(x) = x**3 - 34*x**2 + 44*x - 48. Calculate f(33).
315
Let c(t) = t**3 - 18*t + 33. Give c(-5).
-2
Let t(y) = -55*y + 694. Determine t(16).
-186
Let a(l) = l**2 + 75*l - 14082. What is a(-162)?
12
Let b(m) = -m**3 - 10*m**2 - 13*m - 31. Give b(-8).
-55
Let n(u) = -14*u + 3. What is n(-2)?
31
Let t(r) = 8*r - 470. Give t(65).
50
Let b(q) = q**3 + 11*q**2 + 19*q - 19. What is b(-10)?
-109
Let n(t) = -13*t - 85. Give n(-5).
-20
Let k(l) = l**2 - 51*l + 294. Give k(6).
24
Let v(f) = -f**3 - 13*f**2 + 55*f + 742. Calculate v(-12).
-62
Let i(u) = u**3 + 16*u**2 + 2*u - 2. Give i(-16).
-34
Let j(i) = -69*i - 12355. Give j(-179).
-4
Let g(c) = -28*c**2 - 1484*c - 3. Give g(-53).
-3
Let f(q) = -q**2 - 44*q - 241. Give f(-11).
122
Let z(r) = -r**3 + 177*r**2 - 226*r + 8809. Calculate z(176).
9
Let p(u) = -u**3 + 7*u**2 + 5*u + 5. Determine p(7).
40
Let t(w) = w**3 - 20*w**2 - 27*w + 34. Determine t(21).
-92
Let d(x) = -28*x**3 - x**2 + 9*x - 19. Determine d(2).
-229
Let a(b) = -b**2 - 6372*b + 31890. Give a(5).
5
Let c(q) = 2*q**3 + 70*q**2 + 84*q + 2955. Calculate c(-35).
15
Let c(a) = -31*a - 393. Determine c(-12).
-21
Let r(a) = -a**3 + 33*a**2 - 4*a + 10. What is r(33)?
-122
Let g(z) = -4*z**3 + z**2 - 3*z. Determine g(-2).
42
Let c(m) = -20*m + 723. Calculate c(39).
-57
Let v(i) = 12*i**2 + 126*i + 66. Calculate v(-10).
6
Let c(z) = 39*z - 2103. Determine c(24).
-1167
Let w(n) = -2*n**2 + 31*n + 20. Determine w(19).
-113
Let u(y) = 18*y**2 + 444*y + 1058. What is u(-22)?
2
Let l(c) = -c**2 + 29*c - 71. Determine l(28).
-43
Let t(